. Let c = -80 - p. Let x be 4/(-8) + (-322)/(-4). What is the greatest common divisor of c and x?
16
Let l = 28 - 24. Let f be l/(-5)*(-5)/2. Suppose 0 = -6*t + 22 + 2. What is the greatest common divisor of f and t?
2
Let o be (211 + -233)*(0 - (2 + 0)). What is the highest common divisor of 1353 and o?
11
Suppose 5*y = -2*p - 6, -10 = 2*y + p - 7. Suppose y = -10*j + 16*j - 84. What is the greatest common factor of j and 686?
14
Let t = 3127 + -3121. What is the highest common divisor of 4761 and t?
3
Let x be ((-7)/((-21)/34))/(14/105). Suppose -69*o - 3600 = -x*o. What is the highest common factor of 135 and o?
45
Suppose 8 + 22 = m. Let z = m - 15. Let k = -112 + 232. Calculate the highest common factor of k and z.
15
Suppose 0 = -29*k + 376 + 407. Calculate the highest common divisor of 225 and k.
9
Let h = 4414 + -4408. What is the highest common factor of h and 2019?
3
Let i = 425 + -421. Suppose n = 5*m - 694, 3*n + 564 = -0*m + i*m. Calculate the highest common factor of 92 and m.
46
Let s = 52 + -49. Suppose y - 5*x = 33 + 3, 0 = -y + s*x + 28. Suppose 0 = i + 3*f - f - 122, -i + 5*f = -87. What is the greatest common divisor of y and i?
16
Let u(o) = -21 - 7*o - 353*o**2 - 2*o + 362*o**2. Let n be u(-7). What is the greatest common divisor of 69 and n?
69
Let k be 3*((-30)/(-18) - 1). Suppose 4*l - 3472 = -4*c, -17*l + 4312 = -12*l - k*c. Calculate the highest common divisor of 192 and l.
96
Let a = 51 + -41. Suppose 709 = -a*u + 4959. Suppose -3*c + u = 5*y, 4*c - 421 = c - 4*y. Calculate the highest common divisor of c and 27.
27
Suppose 3*q - 257 = -197. Let f = q - -6. Calculate the highest common divisor of 65 and f.
13
Let r be (-61061)/122*-1*2. Calculate the highest common factor of r and 728.
91
Let i = -116 + 133. Suppose p - i + 11 = 0. Let n = -15 - -33. Calculate the greatest common factor of p and n.
6
Let k = 6 - 2. Suppose 2*j - 122 = -3*g, 2*g = -4*j + k*g + 212. Suppose -2*l - 2*q = -q - 37, -5*l + 5*q = -j. What is the highest common divisor of l and 8?
8
Suppose -4*w - 166 = -682. Suppose z + 4*i = w, 4*i - 11 = 1. What is the greatest common factor of 26 and z?
13
Suppose -3*u - 890 = 5*i - u, -2*i - 370 = -2*u. Let k = i - -204. Calculate the highest common divisor of k and 36.
12
Let y be (2 + -5)/((-2)/210). Let o(b) = -b**2 - 168*b - 4777. Let a be o(-37). What is the greatest common factor of y and a?
35
Let a = -17 + 33. Let z(v) = v**3 - 21*v**2 - 20*v - 51. Let o be z(22). Let k = o + a. Calculate the highest common divisor of 36 and k.
9
Let y = 5353 + -5344. Calculate the highest common factor of 1719 and y.
9
Suppose -4337771 - 1336829 = -214*u + 44*u. What is the highest common divisor of u and 20?
20
Suppose -17*k + 70 - 307 = -96*k. Calculate the greatest common factor of k and 27.
3
Let w = -54 - -45. Let o(u) = 4*u + 38. Let q be o(w). Suppose 5*z = 9*z - 72. What is the greatest common factor of q and z?
2
Let d be (198/(-4))/((-18)/60*5). Calculate the greatest common factor of d and 33.
33
Suppose -30 = -79*u + 73*u. Suppose 4*r + 95 = u*r. Calculate the greatest common divisor of 10 and r.
5
Let h = 10217 - 10052. Suppose 4 = 2*c - 106. Calculate the highest common factor of c and h.
55
Let s = 154 - 401. Let m = s - -284. Let d = -40 - -77. What is the greatest common divisor of m and d?
37
Let y be 1*-3*1400/(-75) + -1. Suppose -y = -a + 5*z, -8*a = -10*a + 2*z + 70. What is the highest common factor of 30 and a?
30
Let o be -3 - (1 + 0) - (-19422)/9. Suppose 7*r + 2049 - o = 0. Suppose -b - 4*b + 25 = 0. Calculate the greatest common factor of b and r.
5
Let d = -28553 - -30368. What is the highest common divisor of 132 and d?
33
Suppose 268*r + 14301 = 495*r. What is the highest common divisor of 9513 and r?
63
Let x be (-1)/4 + 9/4. Let y = -661 - -680. Suppose -3*j - 4*d = -324 - y, -x*j + 267 = -5*d. Calculate the greatest common factor of j and 11.
11
Let i be 3/36 - 9825/(-900). Calculate the highest common factor of i and 1705.
11
Let s(w) = 12*w**2 + 2*w - 2. Let n be s(2). Let x = -18 - -25. Suppose -93 - x = -5*h. What is the highest common divisor of n and h?
10
Suppose -924 = 10*o - 10*o - 21*o. Calculate the greatest common factor of o and 32.
4
Let w(s) = 18*s**2 + 3*s + 3. Let c be w(-4). Let k = -145317 - -145410. Calculate the highest common factor of c and k.
93
Let y(l) = -7 + l**2 - 9 + l - 9*l. Suppose -27*g = -19*g - 88. Let z be y(g). Calculate the highest common factor of 17 and z.
17
Let w(q) = 258*q - 480. Let x be w(6). What is the greatest common divisor of x and 96?
12
Let t be (-20)/28*4/(-10) + (-391405)/(-2597). Calculate the greatest common divisor of 19630 and t.
151
Suppose 571*d - 573*d + 3*b + 11 = 0, 5*b = 2*d - 17. Let p(y) = y**2 - 3*y + 1. Let f be p(3). What is the greatest common factor of d and f?
1
Let l(x) = 35*x**2 + 753*x - 16. Let a be l(-25). Calculate the greatest common factor of a and 148.
74
Let a be 2/(-2) - 3 - (0 + -43). Suppose -3*z - 4*v = -7 - a, 3*z - 22 = 2*v. Suppose 3*j = z*j - 420. Calculate the greatest common factor of j and 15.
15
Let y = -1470 + 1563. What is the greatest common factor of 2883 and y?
93
Suppose 0 = -c + 2 + 6. Suppose -7*p + 10 = -5*p. Suppose 25 = -p*f, -2*z = 3*z + 3*f - 85. What is the greatest common divisor of z and c?
4
Let s = 3795 - -1187. Calculate the highest common factor of 106 and s.
106
Suppose -5*n + 4*n + 40 = j, 2*n - j = 86. Suppose 152 = 5*l + 3*f, -4*l + 188 - 56 = 5*f. Calculate the highest common factor of n and l.
14
Let q(x) = -2*x**3 - 2*x**2 - 3. Let g be q(-2). Suppose -c + 16 = k + g, 2*k - 28 = -4*c. Calculate the highest common divisor of k and 54.
2
Let u = 142101 - 87573. What is the highest common divisor of 213 and u?
213
Let z(g) = 2059*g + 6225. Let l be z(-3). What is the highest common divisor of l and 16784?
16
Suppose -56 + 11 = -5*u. Let h be 5 - (10/20)/(2/12). Suppose -4*d - d + 511 = 4*b, b - 202 = -h*d. Calculate the highest common factor of u and d.
9
Let o be 35/14 + (-1)/((-12)/12378). What is the greatest common factor of o and 242?
22
Let o = -186 + 329. Suppose 4*j = b - 110, 2*j - 127 = -2*b + o. Let i be 68/374 - 108/(-11). Calculate the highest common divisor of b and i.
10
Suppose 12*d + 114 = 30. Let y(a) = 2*a**2 + 14*a + 36. Let u be y(d). What is the highest common divisor of u and 171?
9
Let n(h) = 0 + h + 17 + 2*h + 17. Suppose -3*f + 124 - 106 = 0. Let b be n(f). What is the highest common factor of b and 4?
4
Let y be 5 - ((-35)/(-7) - (1 - -1)). Suppose y*m = -5*m. Let q be m - -17 - 2/2. Calculate the greatest common factor of 128 and q.
16
Let b be (-1)/((-654)/328 + 2). Let y = 256 + b. Let o(x) = -2*x**2 - 170*x - 3109. Let d be o(-27). What is the highest common divisor of d and y?
23
Suppose 32655 = 20*v + 1654 + 3461. What is the highest common divisor of v and 72?
9
Let j = 2199 + -2119. Let h be ((-4)/(-2) + 1)*1. Let w be h/(-2)*50/(-15). Calculate the highest common divisor of w and j.
5
Let l be ((-1750)/(-15))/(1915/1149). Let o = -873 + 1223. Calculate the highest common factor of o and l.
70
Let k = -153 - -188. Suppose -6*n + 149 = k. Calculate the highest common factor of 19 and n.
19
Suppose 5*t - 9150 = 29*p, 0 = -4*t + 4*p + 4829 + 2395. What is the greatest common divisor of t and 1?
1
Let w(v) = 28*v**2 + 88*v + 48. Let d be w(-4). What is the greatest common factor of d and 6000?
48
Suppose 13*h = -y + 18*h + 624, 0 = 5*y + 3*h - 3120. What is the highest common divisor of y and 195?
39
Suppose 5*d + 2*w = -8, 2*d = 7*d - 3*w - 12. Suppose 6*c = -d + 18. Let h(r) = r**2 - 5*r + 10. Let m be h(c). What is the greatest common factor of m and 4?
4
Let o = -30 - -32. Let w(a) = 11*a. Let j be w(o). Let y(v) = 2*v**2 - 44*v + 17. Let f be y(j). Calculate the highest common factor of 68 and f.
17
Suppose 14238 = 3*d - k, -8*k + 5*k + 9 = 0. What is the greatest common factor of 101 and d?
101
Let u(f) = f - 29. Let r be u(29). Suppose r = -8*a - 12*a + 840. What is the greatest common factor of a and 98?
14
Let h(o) = 48*o + 943. Let i be h(-6). Calculate the highest common divisor of 15 and i.
5
Let q = -562 + 459. Let i = 829 + q. What is the greatest common factor of i and 66?
66
Suppose 3845 = -65*j + 70*j. Suppose 